{"id":4400,"date":"2021-10-12T15:51:09","date_gmt":"2021-10-12T15:51:09","guid":{"rendered":"http:\/\/dummy.xtemos.com\/woodmart2\/elementor\/?page_id=4400"},"modified":"2024-10-27T03:48:50","modified_gmt":"2024-10-27T00:48:50","slug":"about-us-3","status":"publish","type":"page","link":"https:\/\/blinkit.com.tr\/?page_id=4400","title":{"rendered":"Hakk\u0131m\u0131zda"},"content":{"rendered":"\t\t<div data-elementor-type=\"wp-page\" data-elementor-id=\"4400\" class=\"elementor elementor-4400\">\n\t\t\t\t<div class=\"wd-negative-gap elementor-element elementor-element-7c7c544 e-flex e-con-boxed e-con e-parent\" data-id=\"7c7c544\" data-element_type=\"container\">\n\t\t\t\t\t<div class=\"e-con-inner\">\n\t\t<div class=\"elementor-element elementor-element-e7cb5cd e-con-full e-flex e-con e-child\" data-id=\"e7cb5cd\" data-element_type=\"container\">\n\t\t\t\t<div class=\"elementor-element elementor-element-56aec39 elementor-widget elementor-widget-wd_image_or_svg\" data-id=\"56aec39\" data-element_type=\"widget\" data-widget_type=\"wd_image_or_svg.default\">\n\t\t\t\t<div class=\"elementor-widget-container\">\n\t\t\t\t\t\n\t\t<div class=\"wd-image text-left\">\n\t\t\t\t\t\t\t\t<img fetchpriority=\"high\" decoding=\"async\" width=\"580\" height=\"580\" src=\"https:\/\/blinkit.com.tr\/wp-content\/uploads\/2024\/10\/hakkimizda-photo.png\" class=\"attachment-full size-full\" alt=\"\" srcset=\"https:\/\/blinkit.com.tr\/wp-content\/uploads\/2024\/10\/hakkimizda-photo.png 580w, https:\/\/blinkit.com.tr\/wp-content\/uploads\/2024\/10\/hakkimizda-photo-300x300.png 300w, https:\/\/blinkit.com.tr\/wp-content\/uploads\/2024\/10\/hakkimizda-photo-150x150.png 150w, https:\/\/blinkit.com.tr\/wp-content\/uploads\/2024\/10\/hakkimizda-photo-430x430.png 430w\" sizes=\"(max-width: 580px) 100vw, 580px\" \/>\t\t\t\t\t<\/div>\n\n\t\t\t\t\t\t<\/div>\n\t\t\t\t<\/div>\n\t\t\t\t<\/div>\n\t\t<div class=\"elementor-element elementor-element-97d6084 e-con-full e-flex e-con e-child\" data-id=\"97d6084\" data-element_type=\"container\">\n\t\t\t\t<div class=\"elementor-element elementor-element-98d830b elementor-widget__width-initial wd-width-100 elementor-widget elementor-widget-wd_title\" data-id=\"98d830b\" data-element_type=\"widget\" data-widget_type=\"wd_title.default\">\n\t\t\t\t<div class=\"elementor-widget-container\">\n\t\t\t\t\t\t\t\t<link rel=\"stylesheet\" id=\"wd-section-title-css\" href=\"https:\/\/blinkit.com.tr\/wp-content\/themes\/woodmart\/css\/parts\/el-section-title.min.css?ver=7.6.0\" type=\"text\/css\" media=\"all\" \/> \t\t\t\t\t<div class=\"title-wrapper set-mb-s reset-last-child wd-title-color-primary wd-title-style-default wd-title-size-large text-center\">\n\n\t\t\t\n\t\t\t<div class=\"liner-continer\">\n\t\t\t\t<h4 class=\"woodmart-title-container title wd-fontsize-xxl\">HAKKIMIZDA<\/h4> \n\t\t\t\t\t\t\t<\/div>\n\n\t\t\t\t\t\t\t<div class=\"title-after_title set-cont-mb-s reset-last-child wd-fontsize-s\">\n\t\t\t\t\t<p><em>.<\/em><\/p>\t\t\t\t<\/div>\n\t\t\t\t\t<\/div>\n\t\t\t\t\t\t<\/div>\n\t\t\t\t<\/div>\n\t\t\t\t<div class=\"elementor-element elementor-element-66e47ad elementor-widget elementor-widget-wd_text_block\" data-id=\"66e47ad\" data-element_type=\"widget\" data-widget_type=\"wd_text_block.default\">\n\t\t\t\t<div class=\"elementor-widget-container\">\n\t\t\t\t\t\t\t\t<link rel=\"stylesheet\" id=\"wd-text-block-css\" href=\"https:\/\/blinkit.com.tr\/wp-content\/themes\/woodmart\/css\/parts\/el-text-block.min.css?ver=7.6.0\" type=\"text\/css\" media=\"all\" \/> \t\t\t\t\t<div class=\"wd-text-block reset-last-child text-left\">\n\t\t\t\n\t\t\t<p><span style=\"background-color: var(--wd-main-bgcolor); color: var(--wd-text-color); font-size: 12pt; text-align: var(--text-align);\">Markam\u0131z; mobilya ayd\u0131nlatma alan\u0131nda en kaliteli \u00fcr\u00fcnleri, t\u00fcketiciye en uygun fiyat ile sunma amac\u0131yla kurulmu\u015f olup, sekt\u00f6rde modern ve kalite yakla\u015f\u0131m\u0131m\u0131z\u0131 titizlikle korumaya devam etmekteyiz.<\/span><\/p>\n<p><span style=\"font-size: 12pt; text-align: var(--text-align); background-color: var(--wd-main-bgcolor); color: var(--wd-text-color);\">Markam\u0131z \u00fczerinden ger\u00e7ekle\u015ftirdi\u011finiz t\u00fcm al\u0131\u015fveri\u015flerinizde; ma\u011fduriyet i\u00e7ermeyen, h\u0131zl\u0131 teslimat, iptal\/iade\/de\u011fi\u015fim bilinci ile yakla\u015f\u0131m\u0131n\u0131 sa\u011flayan m\u00fc\u015fteri temsilcilerimiz ile en keyifli al\u0131\u015fveri\u015f deneyimini ya\u015famay\u0131 m\u00fcmk\u00fcn <\/span><span style=\"font-size: 12pt; text-align: var(--text-align); background-color: var(--wd-main-bgcolor); color: var(--wd-text-color);\">k\u0131l\u0131yoruz.<\/span><\/p>\n<p><span style=\"font-size: 12.0pt; line-height: 107%;\">Sekt\u00f6rdeki son geli\u015fmeleri ve kullan\u0131c\u0131 alan\u0131ndaki g\u00fcncel talepleri takip ederek, \u00e7a\u011fda\u015f d\u00fczeydeki teknolojiyle bulu\u015fturdu\u011fumuz web adresimizi sizlere sunuyor, en iyi ekip arkada\u015flar\u0131m\u0131z, g\u00fc\u00e7l\u00fc ve profesyonel idari y\u00f6netimimiz ile takibini ger\u00e7ekle\u015ftirerek, t\u00fcketici haklar\u0131n\u0131 en iyi \u015fekilde ya\u015faman\u0131z\u0131 elde etmenizi sa\u011fl\u0131yoruz.<br \/>Hedefimiz; kullan\u0131c\u0131 deneyimi ile camias\u0131nda \u201cm\u00fc\u015fteri memnuniyeti en y\u00fcksek\u201d konumuna ula\u015farak, halk\u0131n takdirini kazanmak ve firmam\u0131zdan sorunsuz, mutlu t\u00fcketici konumunda ayr\u0131lman\u0131z\u0131 sa\u011flamak.<\/span><\/p>\n<p>\u00a0<\/p>\n\t\t\t\t\t<\/div>\n\t\t\t\t\t\t<\/div>\n\t\t\t\t<\/div>\n\t\t\t\t<\/div>\n\t\t\t\t\t<\/div>\n\t\t\t\t<\/div>\n\t\t\t\t<\/div>\n\t\t","protected":false},"excerpt":{"rendered":"<p>HAKKIMIZDA . Markam\u0131z; mobilya ayd\u0131nlatma alan\u0131nda en kaliteli \u00fcr\u00fcnleri, t\u00fcketiciye en uygun fiyat ile sunma amac\u0131yla kurulmu\u015f olup, sekt\u00f6rde modern<\/p>\n","protected":false},"author":1,"featured_media":0,"parent":0,"menu_order":0,"comment_status":"closed","ping_status":"closed","template":"","meta":{"_joinchat":[],"footnotes":""},"class_list":["post-4400","page","type-page","status-publish","hentry"],"yoast_head":"<!-- This site is optimized with the Yoast SEO plugin v24.2 - https:\/\/yoast.com\/wordpress\/plugins\/seo\/ -->\n<title>Hakk\u0131m\u0131zda - Blinkit, Bir Mobilya Ayd\u0131nlatma D\u00fcnyas\u0131<\/title>\n<meta name=\"robots\" content=\"index, follow, max-snippet:-1, max-image-preview:large, max-video-preview:-1\" \/>\n<link rel=\"canonical\" href=\"https:\/\/blinkit.com.tr\/?page_id=4400\" \/>\n<meta property=\"og:locale\" content=\"tr_TR\" \/>\n<meta property=\"og:type\" content=\"article\" \/>\n<meta property=\"og:title\" content=\"Hakk\u0131m\u0131zda - Blinkit, Bir Mobilya Ayd\u0131nlatma D\u00fcnyas\u0131\" \/>\n<meta property=\"og:description\" content=\"HAKKIMIZDA . Markam\u0131z; mobilya ayd\u0131nlatma alan\u0131nda en kaliteli \u00fcr\u00fcnleri, t\u00fcketiciye en uygun fiyat ile sunma amac\u0131yla kurulmu\u015f olup, sekt\u00f6rde modern\" \/>\n<meta property=\"og:url\" content=\"https:\/\/blinkit.com.tr\/?page_id=4400\" \/>\n<meta property=\"og:site_name\" content=\"Blinkit, Bir Mobilya Ayd\u0131nlatma D\u00fcnyas\u0131\" \/>\n<meta property=\"article:modified_time\" content=\"2024-10-27T00:48:50+00:00\" \/>\n<meta property=\"og:image\" content=\"https:\/\/blinkit.com.tr\/wp-content\/uploads\/2024\/10\/hakkimizda-photo.png\" \/>\n<meta name=\"twitter:card\" content=\"summary_large_image\" \/>\n<meta name=\"twitter:label1\" content=\"Tahmini okuma s\u00fcresi\" \/>\n\t<meta name=\"twitter:data1\" content=\"1 dakika\" \/>\n<script type=\"application\/ld+json\" class=\"yoast-schema-graph\">{\"@context\":\"https:\/\/schema.org\",\"@graph\":[{\"@type\":\"WebPage\",\"@id\":\"https:\/\/blinkit.com.tr\/?page_id=4400\",\"url\":\"https:\/\/blinkit.com.tr\/?page_id=4400\",\"name\":\"Hakk\u0131m\u0131zda - Blinkit, Bir Mobilya Ayd\u0131nlatma D\u00fcnyas\u0131\",\"isPartOf\":{\"@id\":\"https:\/\/blinkit.com.tr\/#website\"},\"primaryImageOfPage\":{\"@id\":\"https:\/\/blinkit.com.tr\/?page_id=4400#primaryimage\"},\"image\":{\"@id\":\"https:\/\/blinkit.com.tr\/?page_id=4400#primaryimage\"},\"thumbnailUrl\":\"https:\/\/blinkit.com.tr\/wp-content\/uploads\/2024\/10\/hakkimizda-photo.png\",\"datePublished\":\"2021-10-12T15:51:09+00:00\",\"dateModified\":\"2024-10-27T00:48:50+00:00\",\"breadcrumb\":{\"@id\":\"https:\/\/blinkit.com.tr\/?page_id=4400#breadcrumb\"},\"inLanguage\":\"tr\",\"potentialAction\":[{\"@type\":\"ReadAction\",\"target\":[\"https:\/\/blinkit.com.tr\/?page_id=4400\"]}]},{\"@type\":\"ImageObject\",\"inLanguage\":\"tr\",\"@id\":\"https:\/\/blinkit.com.tr\/?page_id=4400#primaryimage\",\"url\":\"https:\/\/blinkit.com.tr\/wp-content\/uploads\/2024\/10\/hakkimizda-photo.png\",\"contentUrl\":\"https:\/\/blinkit.com.tr\/wp-content\/uploads\/2024\/10\/hakkimizda-photo.png\",\"width\":580,\"height\":580},{\"@type\":\"BreadcrumbList\",\"@id\":\"https:\/\/blinkit.com.tr\/?page_id=4400#breadcrumb\",\"itemListElement\":[{\"@type\":\"ListItem\",\"position\":1,\"name\":\"Anasayfa\",\"item\":\"https:\/\/blinkit.com.tr\/\"},{\"@type\":\"ListItem\",\"position\":2,\"name\":\"Hakk\u0131m\u0131zda\"}]},{\"@type\":\"WebSite\",\"@id\":\"https:\/\/blinkit.com.tr\/#website\",\"url\":\"https:\/\/blinkit.com.tr\/\",\"name\":\"Blinkit, Bir Mobilya Ayd\u0131nlatma D\u00fcnyas\u0131\",\"description\":\"Mobilya Ayd\u0131nlatma\",\"publisher\":{\"@id\":\"https:\/\/blinkit.com.tr\/#organization\"},\"potentialAction\":[{\"@type\":\"SearchAction\",\"target\":{\"@type\":\"EntryPoint\",\"urlTemplate\":\"https:\/\/blinkit.com.tr\/?s={search_term_string}\"},\"query-input\":{\"@type\":\"PropertyValueSpecification\",\"valueRequired\":true,\"valueName\":\"search_term_string\"}}],\"inLanguage\":\"tr\"},{\"@type\":\"Organization\",\"@id\":\"https:\/\/blinkit.com.tr\/#organization\",\"name\":\"Blinkit, Bir Mobilya Ayd\u0131nlatma D\u00fcnyas\u0131\",\"url\":\"https:\/\/blinkit.com.tr\/\",\"logo\":{\"@type\":\"ImageObject\",\"inLanguage\":\"tr\",\"@id\":\"https:\/\/blinkit.com.tr\/#\/schema\/logo\/image\/\",\"url\":\"https:\/\/blinkit.com.tr\/wp-content\/uploads\/2024\/10\/LOGO-png.png\",\"contentUrl\":\"https:\/\/blinkit.com.tr\/wp-content\/uploads\/2024\/10\/LOGO-png.png\",\"width\":236,\"height\":77,\"caption\":\"Blinkit, Bir Mobilya Ayd\u0131nlatma D\u00fcnyas\u0131\"},\"image\":{\"@id\":\"https:\/\/blinkit.com.tr\/#\/schema\/logo\/image\/\"}}]}<\/script>\n<!-- \/ Yoast SEO plugin. -->","yoast_head_json":{"title":"Hakk\u0131m\u0131zda - Blinkit, Bir Mobilya Ayd\u0131nlatma D\u00fcnyas\u0131","robots":{"index":"index","follow":"follow","max-snippet":"max-snippet:-1","max-image-preview":"max-image-preview:large","max-video-preview":"max-video-preview:-1"},"canonical":"https:\/\/blinkit.com.tr\/?page_id=4400","og_locale":"tr_TR","og_type":"article","og_title":"Hakk\u0131m\u0131zda - Blinkit, Bir Mobilya Ayd\u0131nlatma D\u00fcnyas\u0131","og_description":"HAKKIMIZDA . Markam\u0131z; mobilya ayd\u0131nlatma alan\u0131nda en kaliteli \u00fcr\u00fcnleri, t\u00fcketiciye en uygun fiyat ile sunma amac\u0131yla kurulmu\u015f olup, sekt\u00f6rde modern","og_url":"https:\/\/blinkit.com.tr\/?page_id=4400","og_site_name":"Blinkit, Bir Mobilya Ayd\u0131nlatma D\u00fcnyas\u0131","article_modified_time":"2024-10-27T00:48:50+00:00","og_image":[{"url":"https:\/\/blinkit.com.tr\/wp-content\/uploads\/2024\/10\/hakkimizda-photo.png","type":"","width":"","height":""}],"twitter_card":"summary_large_image","twitter_misc":{"Tahmini okuma s\u00fcresi":"1 dakika"},"schema":{"@context":"https:\/\/schema.org","@graph":[{"@type":"WebPage","@id":"https:\/\/blinkit.com.tr\/?page_id=4400","url":"https:\/\/blinkit.com.tr\/?page_id=4400","name":"Hakk\u0131m\u0131zda - Blinkit, Bir Mobilya Ayd\u0131nlatma D\u00fcnyas\u0131","isPartOf":{"@id":"https:\/\/blinkit.com.tr\/#website"},"primaryImageOfPage":{"@id":"https:\/\/blinkit.com.tr\/?page_id=4400#primaryimage"},"image":{"@id":"https:\/\/blinkit.com.tr\/?page_id=4400#primaryimage"},"thumbnailUrl":"https:\/\/blinkit.com.tr\/wp-content\/uploads\/2024\/10\/hakkimizda-photo.png","datePublished":"2021-10-12T15:51:09+00:00","dateModified":"2024-10-27T00:48:50+00:00","breadcrumb":{"@id":"https:\/\/blinkit.com.tr\/?page_id=4400#breadcrumb"},"inLanguage":"tr","potentialAction":[{"@type":"ReadAction","target":["https:\/\/blinkit.com.tr\/?page_id=4400"]}]},{"@type":"ImageObject","inLanguage":"tr","@id":"https:\/\/blinkit.com.tr\/?page_id=4400#primaryimage","url":"https:\/\/blinkit.com.tr\/wp-content\/uploads\/2024\/10\/hakkimizda-photo.png","contentUrl":"https:\/\/blinkit.com.tr\/wp-content\/uploads\/2024\/10\/hakkimizda-photo.png","width":580,"height":580},{"@type":"BreadcrumbList","@id":"https:\/\/blinkit.com.tr\/?page_id=4400#breadcrumb","itemListElement":[{"@type":"ListItem","position":1,"name":"Anasayfa","item":"https:\/\/blinkit.com.tr\/"},{"@type":"ListItem","position":2,"name":"Hakk\u0131m\u0131zda"}]},{"@type":"WebSite","@id":"https:\/\/blinkit.com.tr\/#website","url":"https:\/\/blinkit.com.tr\/","name":"Blinkit, Bir Mobilya Ayd\u0131nlatma D\u00fcnyas\u0131","description":"Mobilya Ayd\u0131nlatma","publisher":{"@id":"https:\/\/blinkit.com.tr\/#organization"},"potentialAction":[{"@type":"SearchAction","target":{"@type":"EntryPoint","urlTemplate":"https:\/\/blinkit.com.tr\/?s={search_term_string}"},"query-input":{"@type":"PropertyValueSpecification","valueRequired":true,"valueName":"search_term_string"}}],"inLanguage":"tr"},{"@type":"Organization","@id":"https:\/\/blinkit.com.tr\/#organization","name":"Blinkit, Bir Mobilya Ayd\u0131nlatma D\u00fcnyas\u0131","url":"https:\/\/blinkit.com.tr\/","logo":{"@type":"ImageObject","inLanguage":"tr","@id":"https:\/\/blinkit.com.tr\/#\/schema\/logo\/image\/","url":"https:\/\/blinkit.com.tr\/wp-content\/uploads\/2024\/10\/LOGO-png.png","contentUrl":"https:\/\/blinkit.com.tr\/wp-content\/uploads\/2024\/10\/LOGO-png.png","width":236,"height":77,"caption":"Blinkit, Bir Mobilya Ayd\u0131nlatma D\u00fcnyas\u0131"},"image":{"@id":"https:\/\/blinkit.com.tr\/#\/schema\/logo\/image\/"}}]}},"jetpack_sharing_enabled":true,"_links":{"self":[{"href":"https:\/\/blinkit.com.tr\/index.php?rest_route=\/wp\/v2\/pages\/4400","targetHints":{"allow":["GET"]}}],"collection":[{"href":"https:\/\/blinkit.com.tr\/index.php?rest_route=\/wp\/v2\/pages"}],"about":[{"href":"https:\/\/blinkit.com.tr\/index.php?rest_route=\/wp\/v2\/types\/page"}],"author":[{"embeddable":true,"href":"https:\/\/blinkit.com.tr\/index.php?rest_route=\/wp\/v2\/users\/1"}],"replies":[{"embeddable":true,"href":"https:\/\/blinkit.com.tr\/index.php?rest_route=%2Fwp%2Fv2%2Fcomments&post=4400"}],"version-history":[{"count":12,"href":"https:\/\/blinkit.com.tr\/index.php?rest_route=\/wp\/v2\/pages\/4400\/revisions"}],"predecessor-version":[{"id":28308,"href":"https:\/\/blinkit.com.tr\/index.php?rest_route=\/wp\/v2\/pages\/4400\/revisions\/28308"}],"wp:attachment":[{"href":"https:\/\/blinkit.com.tr\/index.php?rest_route=%2Fwp%2Fv2%2Fmedia&parent=4400"}],"curies":[{"name":"wp","href":"https:\/\/api.w.org\/{rel}","templated":true}]}}