{"id":28923,"date":"2026-01-18T22:27:07","date_gmt":"2026-01-18T19:27:07","guid":{"rendered":"https:\/\/blinkit.com.tr\/?post_type=product&#038;p=28923"},"modified":"2026-01-18T22:28:46","modified_gmt":"2026-01-18T19:28:46","slug":"ekonomik-seri-led-driver","status":"publish","type":"product","link":"https:\/\/blinkit.com.tr\/?product=ekonomik-seri-led-driver","title":{"rendered":"Ekonomik Seri Led driver"},"content":{"rendered":"<p>12v \u00e7\u0131k\u0131\u015f<\/p>\n<p>\u015eebeke dalgalanmalar\u0131ndan etkilenmeyen sabit \u00e7\u0131k\u0131\u015f<\/p>\n<p>Y\u00fcksek ak\u0131m koruma \u00f6zelli\u011fi<\/p>\n<p>\u00c7\u0131k\u0131\u015f ba\u011flant\u0131lar\u0131n\u0131 koruyan kapakl\u0131 sistem.<\/p>\n","protected":false},"excerpt":{"rendered":"<p>12v \u00e7\u0131k\u0131\u015f \u015eebeke dalgalanmalar\u0131ndan etkilenmeyen sabit \u00e7\u0131k\u0131\u015f Y\u00fcksek ak\u0131m koruma \u00f6zelli\u011fi \u00c7\u0131k\u0131\u015f ba\u011flant\u0131lar\u0131n\u0131 koruyan kapakl\u0131 sistem.<\/p>\n","protected":false},"featured_media":28929,"comment_status":"open","ping_status":"closed","template":"","meta":{"_joinchat":[]},"product_brand":[],"product_cat":[74],"product_tag":[],"class_list":{"0":"post-28923","1":"product","2":"type-product","3":"status-publish","4":"has-post-thumbnail","6":"product_cat-guc-kaynaklari","7":"pa_guc-secenekleri-60watt","8":"pa_guc-secenekleri-150watt","9":"pa_guc-secenekleri-200watt","10":"pa_guc-secenekleri-250watt","11":"pa_guc-secenekleri-300watt","13":"first","14":"instock","15":"taxable","16":"shipping-taxable","17":"purchasable","18":"product-type-variable","19":"has-default-attributes"},"yoast_head":"<!-- This site is optimized with the Yoast SEO plugin v24.2 - https:\/\/yoast.com\/wordpress\/plugins\/seo\/ -->\n<title>Ekonomik Seri Led driver - Blinkit, Bir Mobilya Ayd\u0131nlatma D\u00fcnyas\u0131<\/title>\n<meta name=\"robots\" content=\"index, follow, max-snippet:-1, max-image-preview:large, max-video-preview:-1\" \/>\n<link rel=\"canonical\" href=\"https:\/\/blinkit.com.tr\/?product=ekonomik-seri-led-driver\" \/>\n<meta property=\"og:locale\" content=\"tr_TR\" \/>\n<meta property=\"og:type\" content=\"article\" \/>\n<meta property=\"og:title\" content=\"Ekonomik Seri Led driver - Blinkit, Bir Mobilya Ayd\u0131nlatma D\u00fcnyas\u0131\" \/>\n<meta property=\"og:description\" content=\"12v \u00e7\u0131k\u0131\u015f \u015eebeke dalgalanmalar\u0131ndan etkilenmeyen sabit \u00e7\u0131k\u0131\u015f Y\u00fcksek ak\u0131m koruma \u00f6zelli\u011fi \u00c7\u0131k\u0131\u015f ba\u011flant\u0131lar\u0131n\u0131 koruyan kapakl\u0131 sistem.\" \/>\n<meta property=\"og:url\" content=\"https:\/\/blinkit.com.tr\/?product=ekonomik-seri-led-driver\" \/>\n<meta property=\"og:site_name\" content=\"Blinkit, Bir Mobilya Ayd\u0131nlatma D\u00fcnyas\u0131\" \/>\n<meta property=\"article:modified_time\" content=\"2026-01-18T19:28:46+00:00\" \/>\n<meta property=\"og:image\" content=\"https:\/\/blinkit.com.tr\/wp-content\/uploads\/2026\/01\/BPSE-060.png\" \/>\n\t<meta property=\"og:image:width\" content=\"443\" \/>\n\t<meta property=\"og:image:height\" content=\"346\" \/>\n\t<meta property=\"og:image:type\" content=\"image\/png\" \/>\n<meta name=\"twitter:card\" content=\"summary_large_image\" \/>\n<meta name=\"twitter:label1\" content=\"Tahmini okuma s\u00fcresi\" \/>\n\t<meta name=\"twitter:data1\" content=\"1 dakika\" \/>\n<script type=\"application\/ld+json\" class=\"yoast-schema-graph\">{\"@context\":\"https:\/\/schema.org\",\"@graph\":[{\"@type\":\"WebPage\",\"@id\":\"https:\/\/blinkit.com.tr\/?product=ekonomik-seri-led-driver\",\"url\":\"https:\/\/blinkit.com.tr\/?product=ekonomik-seri-led-driver\",\"name\":\"Ekonomik Seri Led driver - Blinkit, Bir Mobilya Ayd\u0131nlatma D\u00fcnyas\u0131\",\"isPartOf\":{\"@id\":\"https:\/\/blinkit.com.tr\/#website\"},\"primaryImageOfPage\":{\"@id\":\"https:\/\/blinkit.com.tr\/?product=ekonomik-seri-led-driver#primaryimage\"},\"image\":{\"@id\":\"https:\/\/blinkit.com.tr\/?product=ekonomik-seri-led-driver#primaryimage\"},\"thumbnailUrl\":\"https:\/\/blinkit.com.tr\/wp-content\/uploads\/2026\/01\/BPSE-060.png\",\"datePublished\":\"2026-01-18T19:27:07+00:00\",\"dateModified\":\"2026-01-18T19:28:46+00:00\",\"breadcrumb\":{\"@id\":\"https:\/\/blinkit.com.tr\/?product=ekonomik-seri-led-driver#breadcrumb\"},\"inLanguage\":\"tr\",\"potentialAction\":[{\"@type\":\"ReadAction\",\"target\":[\"https:\/\/blinkit.com.tr\/?product=ekonomik-seri-led-driver\"]}]},{\"@type\":\"ImageObject\",\"inLanguage\":\"tr\",\"@id\":\"https:\/\/blinkit.com.tr\/?product=ekonomik-seri-led-driver#primaryimage\",\"url\":\"https:\/\/blinkit.com.tr\/wp-content\/uploads\/2026\/01\/BPSE-060.png\",\"contentUrl\":\"https:\/\/blinkit.com.tr\/wp-content\/uploads\/2026\/01\/BPSE-060.png\",\"width\":443,\"height\":346},{\"@type\":\"BreadcrumbList\",\"@id\":\"https:\/\/blinkit.com.tr\/?product=ekonomik-seri-led-driver#breadcrumb\",\"itemListElement\":[{\"@type\":\"ListItem\",\"position\":1,\"name\":\"Anasayfa\",\"item\":\"https:\/\/blinkit.com.tr\/\"},{\"@type\":\"ListItem\",\"position\":2,\"name\":\"Ma\u011faza\",\"item\":\"https:\/\/blinkit.com.tr\/?page_id=28881\"},{\"@type\":\"ListItem\",\"position\":3,\"name\":\"Ekonomik Seri Led driver\"}]},{\"@type\":\"WebSite\",\"@id\":\"https:\/\/blinkit.com.tr\/#website\",\"url\":\"https:\/\/blinkit.com.tr\/\",\"name\":\"Blinkit, Bir Mobilya Ayd\u0131nlatma D\u00fcnyas\u0131\",\"description\":\"Mobilya Ayd\u0131nlatma\",\"publisher\":{\"@id\":\"https:\/\/blinkit.com.tr\/#organization\"},\"potentialAction\":[{\"@type\":\"SearchAction\",\"target\":{\"@type\":\"EntryPoint\",\"urlTemplate\":\"https:\/\/blinkit.com.tr\/?s={search_term_string}\"},\"query-input\":{\"@type\":\"PropertyValueSpecification\",\"valueRequired\":true,\"valueName\":\"search_term_string\"}}],\"inLanguage\":\"tr\"},{\"@type\":\"Organization\",\"@id\":\"https:\/\/blinkit.com.tr\/#organization\",\"name\":\"Blinkit, Bir Mobilya Ayd\u0131nlatma D\u00fcnyas\u0131\",\"url\":\"https:\/\/blinkit.com.tr\/\",\"logo\":{\"@type\":\"ImageObject\",\"inLanguage\":\"tr\",\"@id\":\"https:\/\/blinkit.com.tr\/#\/schema\/logo\/image\/\",\"url\":\"https:\/\/blinkit.com.tr\/wp-content\/uploads\/2024\/10\/LOGO-png.png\",\"contentUrl\":\"https:\/\/blinkit.com.tr\/wp-content\/uploads\/2024\/10\/LOGO-png.png\",\"width\":236,\"height\":77,\"caption\":\"Blinkit, Bir Mobilya Ayd\u0131nlatma D\u00fcnyas\u0131\"},\"image\":{\"@id\":\"https:\/\/blinkit.com.tr\/#\/schema\/logo\/image\/\"}}]}<\/script>\n<!-- \/ Yoast SEO plugin. -->","yoast_head_json":{"title":"Ekonomik Seri Led driver - Blinkit, Bir Mobilya Ayd\u0131nlatma D\u00fcnyas\u0131","robots":{"index":"index","follow":"follow","max-snippet":"max-snippet:-1","max-image-preview":"max-image-preview:large","max-video-preview":"max-video-preview:-1"},"canonical":"https:\/\/blinkit.com.tr\/?product=ekonomik-seri-led-driver","og_locale":"tr_TR","og_type":"article","og_title":"Ekonomik Seri Led driver - Blinkit, Bir Mobilya Ayd\u0131nlatma D\u00fcnyas\u0131","og_description":"12v \u00e7\u0131k\u0131\u015f \u015eebeke dalgalanmalar\u0131ndan etkilenmeyen sabit \u00e7\u0131k\u0131\u015f Y\u00fcksek ak\u0131m koruma \u00f6zelli\u011fi \u00c7\u0131k\u0131\u015f ba\u011flant\u0131lar\u0131n\u0131 koruyan kapakl\u0131 sistem.","og_url":"https:\/\/blinkit.com.tr\/?product=ekonomik-seri-led-driver","og_site_name":"Blinkit, Bir Mobilya Ayd\u0131nlatma D\u00fcnyas\u0131","article_modified_time":"2026-01-18T19:28:46+00:00","og_image":[{"width":443,"height":346,"url":"https:\/\/blinkit.com.tr\/wp-content\/uploads\/2026\/01\/BPSE-060.png","type":"image\/png"}],"twitter_card":"summary_large_image","twitter_misc":{"Tahmini okuma s\u00fcresi":"1 dakika"},"schema":{"@context":"https:\/\/schema.org","@graph":[{"@type":"WebPage","@id":"https:\/\/blinkit.com.tr\/?product=ekonomik-seri-led-driver","url":"https:\/\/blinkit.com.tr\/?product=ekonomik-seri-led-driver","name":"Ekonomik Seri Led driver - Blinkit, Bir Mobilya Ayd\u0131nlatma D\u00fcnyas\u0131","isPartOf":{"@id":"https:\/\/blinkit.com.tr\/#website"},"primaryImageOfPage":{"@id":"https:\/\/blinkit.com.tr\/?product=ekonomik-seri-led-driver#primaryimage"},"image":{"@id":"https:\/\/blinkit.com.tr\/?product=ekonomik-seri-led-driver#primaryimage"},"thumbnailUrl":"https:\/\/blinkit.com.tr\/wp-content\/uploads\/2026\/01\/BPSE-060.png","datePublished":"2026-01-18T19:27:07+00:00","dateModified":"2026-01-18T19:28:46+00:00","breadcrumb":{"@id":"https:\/\/blinkit.com.tr\/?product=ekonomik-seri-led-driver#breadcrumb"},"inLanguage":"tr","potentialAction":[{"@type":"ReadAction","target":["https:\/\/blinkit.com.tr\/?product=ekonomik-seri-led-driver"]}]},{"@type":"ImageObject","inLanguage":"tr","@id":"https:\/\/blinkit.com.tr\/?product=ekonomik-seri-led-driver#primaryimage","url":"https:\/\/blinkit.com.tr\/wp-content\/uploads\/2026\/01\/BPSE-060.png","contentUrl":"https:\/\/blinkit.com.tr\/wp-content\/uploads\/2026\/01\/BPSE-060.png","width":443,"height":346},{"@type":"BreadcrumbList","@id":"https:\/\/blinkit.com.tr\/?product=ekonomik-seri-led-driver#breadcrumb","itemListElement":[{"@type":"ListItem","position":1,"name":"Anasayfa","item":"https:\/\/blinkit.com.tr\/"},{"@type":"ListItem","position":2,"name":"Ma\u011faza","item":"https:\/\/blinkit.com.tr\/?page_id=28881"},{"@type":"ListItem","position":3,"name":"Ekonomik Seri Led driver"}]},{"@type":"WebSite","@id":"https:\/\/blinkit.com.tr\/#website","url":"https:\/\/blinkit.com.tr\/","name":"Blinkit, Bir Mobilya Ayd\u0131nlatma D\u00fcnyas\u0131","description":"Mobilya Ayd\u0131nlatma","publisher":{"@id":"https:\/\/blinkit.com.tr\/#organization"},"potentialAction":[{"@type":"SearchAction","target":{"@type":"EntryPoint","urlTemplate":"https:\/\/blinkit.com.tr\/?s={search_term_string}"},"query-input":{"@type":"PropertyValueSpecification","valueRequired":true,"valueName":"search_term_string"}}],"inLanguage":"tr"},{"@type":"Organization","@id":"https:\/\/blinkit.com.tr\/#organization","name":"Blinkit, Bir Mobilya Ayd\u0131nlatma D\u00fcnyas\u0131","url":"https:\/\/blinkit.com.tr\/","logo":{"@type":"ImageObject","inLanguage":"tr","@id":"https:\/\/blinkit.com.tr\/#\/schema\/logo\/image\/","url":"https:\/\/blinkit.com.tr\/wp-content\/uploads\/2024\/10\/LOGO-png.png","contentUrl":"https:\/\/blinkit.com.tr\/wp-content\/uploads\/2024\/10\/LOGO-png.png","width":236,"height":77,"caption":"Blinkit, Bir Mobilya Ayd\u0131nlatma D\u00fcnyas\u0131"},"image":{"@id":"https:\/\/blinkit.com.tr\/#\/schema\/logo\/image\/"}}]}},"jetpack_sharing_enabled":true,"_links":{"self":[{"href":"https:\/\/blinkit.com.tr\/index.php?rest_route=\/wp\/v2\/product\/28923","targetHints":{"allow":["GET"]}}],"collection":[{"href":"https:\/\/blinkit.com.tr\/index.php?rest_route=\/wp\/v2\/product"}],"about":[{"href":"https:\/\/blinkit.com.tr\/index.php?rest_route=\/wp\/v2\/types\/product"}],"replies":[{"embeddable":true,"href":"https:\/\/blinkit.com.tr\/index.php?rest_route=%2Fwp%2Fv2%2Fcomments&post=28923"}],"version-history":[{"count":1,"href":"https:\/\/blinkit.com.tr\/index.php?rest_route=\/wp\/v2\/product\/28923\/revisions"}],"predecessor-version":[{"id":28930,"href":"https:\/\/blinkit.com.tr\/index.php?rest_route=\/wp\/v2\/product\/28923\/revisions\/28930"}],"wp:featuredmedia":[{"embeddable":true,"href":"https:\/\/blinkit.com.tr\/index.php?rest_route=\/wp\/v2\/media\/28929"}],"wp:attachment":[{"href":"https:\/\/blinkit.com.tr\/index.php?rest_route=%2Fwp%2Fv2%2Fmedia&parent=28923"}],"wp:term":[{"taxonomy":"product_brand","embeddable":true,"href":"https:\/\/blinkit.com.tr\/index.php?rest_route=%2Fwp%2Fv2%2Fproduct_brand&post=28923"},{"taxonomy":"product_cat","embeddable":true,"href":"https:\/\/blinkit.com.tr\/index.php?rest_route=%2Fwp%2Fv2%2Fproduct_cat&post=28923"},{"taxonomy":"product_tag","embeddable":true,"href":"https:\/\/blinkit.com.tr\/index.php?rest_route=%2Fwp%2Fv2%2Fproduct_tag&post=28923"}],"curies":[{"name":"wp","href":"https:\/\/api.w.org\/{rel}","templated":true}]}}