{"id":28931,"date":"2026-01-18T23:38:09","date_gmt":"2026-01-18T20:38:09","guid":{"rendered":"https:\/\/blinkit.com.tr\/?post_type=product&#038;p=28931"},"modified":"2026-01-18T23:39:56","modified_gmt":"2026-01-18T20:39:56","slug":"ultraslim-led-driver-kalem-tipi","status":"publish","type":"product","link":"https:\/\/blinkit.com.tr\/?product=ultraslim-led-driver-kalem-tipi","title":{"rendered":"Ultraslim Led driver &#8211; Kalem tipi"},"content":{"rendered":"<p>Ultra slim &#8211; kalem tipi olarak adland\u0131r\u0131l\u0131r, Aynalarda s\u0131kl\u0131k\u00e7a kullan\u0131l\u0131r.<\/p>\n<p>18watt tan 60watt a kadar \u00fcretilir.<\/p>\n<p>&nbsp;<\/p>\n","protected":false},"excerpt":{"rendered":"<p>Ultra slim &#8211; kalem tipi olarak adland\u0131r\u0131l\u0131r, Aynalarda s\u0131kl\u0131k\u00e7a kullan\u0131l\u0131r. 18watt tan 60watt a kadar \u00fcretilir. &nbsp;<\/p>\n","protected":false},"featured_media":28936,"comment_status":"open","ping_status":"closed","template":"","meta":{"_joinchat":[]},"product_brand":[],"product_cat":[74],"product_tag":[],"class_list":{"0":"post-28931","1":"product","2":"type-product","3":"status-publish","4":"has-post-thumbnail","6":"product_cat-guc-kaynaklari","7":"pa_guc-secenekleri-24watt","8":"pa_guc-secenekleri-36watt","9":"pa_guc-secenekleri-48watt","10":"pa_guc-secenekleri-60watt","12":"first","13":"instock","14":"taxable","15":"shipping-taxable","16":"purchasable","17":"product-type-variable","18":"has-default-attributes"},"yoast_head":"<!-- This site is optimized with the Yoast SEO plugin v24.2 - https:\/\/yoast.com\/wordpress\/plugins\/seo\/ -->\n<title>Ultraslim Led driver - Kalem tipi - Blinkit, Bir Mobilya Ayd\u0131nlatma D\u00fcnyas\u0131<\/title>\n<meta name=\"robots\" content=\"index, follow, max-snippet:-1, max-image-preview:large, max-video-preview:-1\" \/>\n<link rel=\"canonical\" href=\"https:\/\/blinkit.com.tr\/?product=ultraslim-led-driver-kalem-tipi\" \/>\n<meta property=\"og:locale\" content=\"tr_TR\" \/>\n<meta property=\"og:type\" content=\"article\" \/>\n<meta property=\"og:title\" content=\"Ultraslim Led driver - Kalem tipi - Blinkit, Bir Mobilya Ayd\u0131nlatma D\u00fcnyas\u0131\" \/>\n<meta property=\"og:description\" content=\"Ultra slim &#8211; kalem tipi olarak adland\u0131r\u0131l\u0131r, Aynalarda s\u0131kl\u0131k\u00e7a kullan\u0131l\u0131r. 18watt tan 60watt a kadar \u00fcretilir. &nbsp;\" \/>\n<meta property=\"og:url\" content=\"https:\/\/blinkit.com.tr\/?product=ultraslim-led-driver-kalem-tipi\" \/>\n<meta property=\"og:site_name\" content=\"Blinkit, Bir Mobilya Ayd\u0131nlatma D\u00fcnyas\u0131\" \/>\n<meta property=\"article:modified_time\" content=\"2026-01-18T20:39:56+00:00\" \/>\n<meta property=\"og:image\" content=\"https:\/\/blinkit.com.tr\/wp-content\/uploads\/2026\/01\/gorsel_2026-01-18_233733044.png\" \/>\n\t<meta property=\"og:image:width\" content=\"406\" \/>\n\t<meta property=\"og:image:height\" content=\"366\" \/>\n\t<meta property=\"og:image:type\" content=\"image\/png\" \/>\n<meta name=\"twitter:card\" content=\"summary_large_image\" \/>\n<meta name=\"twitter:label1\" content=\"Tahmini okuma s\u00fcresi\" \/>\n\t<meta name=\"twitter:data1\" content=\"1 dakika\" \/>\n<script type=\"application\/ld+json\" class=\"yoast-schema-graph\">{\"@context\":\"https:\/\/schema.org\",\"@graph\":[{\"@type\":\"WebPage\",\"@id\":\"https:\/\/blinkit.com.tr\/?product=ultraslim-led-driver-kalem-tipi\",\"url\":\"https:\/\/blinkit.com.tr\/?product=ultraslim-led-driver-kalem-tipi\",\"name\":\"Ultraslim Led driver - Kalem tipi - Blinkit, Bir Mobilya Ayd\u0131nlatma D\u00fcnyas\u0131\",\"isPartOf\":{\"@id\":\"https:\/\/blinkit.com.tr\/#website\"},\"primaryImageOfPage\":{\"@id\":\"https:\/\/blinkit.com.tr\/?product=ultraslim-led-driver-kalem-tipi#primaryimage\"},\"image\":{\"@id\":\"https:\/\/blinkit.com.tr\/?product=ultraslim-led-driver-kalem-tipi#primaryimage\"},\"thumbnailUrl\":\"https:\/\/blinkit.com.tr\/wp-content\/uploads\/2026\/01\/gorsel_2026-01-18_233733044.png\",\"datePublished\":\"2026-01-18T20:38:09+00:00\",\"dateModified\":\"2026-01-18T20:39:56+00:00\",\"breadcrumb\":{\"@id\":\"https:\/\/blinkit.com.tr\/?product=ultraslim-led-driver-kalem-tipi#breadcrumb\"},\"inLanguage\":\"tr\",\"potentialAction\":[{\"@type\":\"ReadAction\",\"target\":[\"https:\/\/blinkit.com.tr\/?product=ultraslim-led-driver-kalem-tipi\"]}]},{\"@type\":\"ImageObject\",\"inLanguage\":\"tr\",\"@id\":\"https:\/\/blinkit.com.tr\/?product=ultraslim-led-driver-kalem-tipi#primaryimage\",\"url\":\"https:\/\/blinkit.com.tr\/wp-content\/uploads\/2026\/01\/gorsel_2026-01-18_233733044.png\",\"contentUrl\":\"https:\/\/blinkit.com.tr\/wp-content\/uploads\/2026\/01\/gorsel_2026-01-18_233733044.png\",\"width\":406,\"height\":366},{\"@type\":\"BreadcrumbList\",\"@id\":\"https:\/\/blinkit.com.tr\/?product=ultraslim-led-driver-kalem-tipi#breadcrumb\",\"itemListElement\":[{\"@type\":\"ListItem\",\"position\":1,\"name\":\"Anasayfa\",\"item\":\"https:\/\/blinkit.com.tr\/\"},{\"@type\":\"ListItem\",\"position\":2,\"name\":\"Ma\u011faza\",\"item\":\"https:\/\/blinkit.com.tr\/?page_id=28881\"},{\"@type\":\"ListItem\",\"position\":3,\"name\":\"Ultraslim Led driver &#8211; Kalem tipi\"}]},{\"@type\":\"WebSite\",\"@id\":\"https:\/\/blinkit.com.tr\/#website\",\"url\":\"https:\/\/blinkit.com.tr\/\",\"name\":\"Blinkit, Bir Mobilya Ayd\u0131nlatma D\u00fcnyas\u0131\",\"description\":\"Mobilya Ayd\u0131nlatma\",\"publisher\":{\"@id\":\"https:\/\/blinkit.com.tr\/#organization\"},\"potentialAction\":[{\"@type\":\"SearchAction\",\"target\":{\"@type\":\"EntryPoint\",\"urlTemplate\":\"https:\/\/blinkit.com.tr\/?s={search_term_string}\"},\"query-input\":{\"@type\":\"PropertyValueSpecification\",\"valueRequired\":true,\"valueName\":\"search_term_string\"}}],\"inLanguage\":\"tr\"},{\"@type\":\"Organization\",\"@id\":\"https:\/\/blinkit.com.tr\/#organization\",\"name\":\"Blinkit, Bir Mobilya Ayd\u0131nlatma D\u00fcnyas\u0131\",\"url\":\"https:\/\/blinkit.com.tr\/\",\"logo\":{\"@type\":\"ImageObject\",\"inLanguage\":\"tr\",\"@id\":\"https:\/\/blinkit.com.tr\/#\/schema\/logo\/image\/\",\"url\":\"https:\/\/blinkit.com.tr\/wp-content\/uploads\/2024\/10\/LOGO-png.png\",\"contentUrl\":\"https:\/\/blinkit.com.tr\/wp-content\/uploads\/2024\/10\/LOGO-png.png\",\"width\":236,\"height\":77,\"caption\":\"Blinkit, Bir Mobilya Ayd\u0131nlatma D\u00fcnyas\u0131\"},\"image\":{\"@id\":\"https:\/\/blinkit.com.tr\/#\/schema\/logo\/image\/\"}}]}<\/script>\n<!-- \/ Yoast SEO plugin. -->","yoast_head_json":{"title":"Ultraslim Led driver - Kalem tipi - Blinkit, Bir Mobilya Ayd\u0131nlatma D\u00fcnyas\u0131","robots":{"index":"index","follow":"follow","max-snippet":"max-snippet:-1","max-image-preview":"max-image-preview:large","max-video-preview":"max-video-preview:-1"},"canonical":"https:\/\/blinkit.com.tr\/?product=ultraslim-led-driver-kalem-tipi","og_locale":"tr_TR","og_type":"article","og_title":"Ultraslim Led driver - Kalem tipi - Blinkit, Bir Mobilya Ayd\u0131nlatma D\u00fcnyas\u0131","og_description":"Ultra slim &#8211; kalem tipi olarak adland\u0131r\u0131l\u0131r, Aynalarda s\u0131kl\u0131k\u00e7a kullan\u0131l\u0131r. 18watt tan 60watt a kadar \u00fcretilir. &nbsp;","og_url":"https:\/\/blinkit.com.tr\/?product=ultraslim-led-driver-kalem-tipi","og_site_name":"Blinkit, Bir Mobilya Ayd\u0131nlatma D\u00fcnyas\u0131","article_modified_time":"2026-01-18T20:39:56+00:00","og_image":[{"width":406,"height":366,"url":"https:\/\/blinkit.com.tr\/wp-content\/uploads\/2026\/01\/gorsel_2026-01-18_233733044.png","type":"image\/png"}],"twitter_card":"summary_large_image","twitter_misc":{"Tahmini okuma s\u00fcresi":"1 dakika"},"schema":{"@context":"https:\/\/schema.org","@graph":[{"@type":"WebPage","@id":"https:\/\/blinkit.com.tr\/?product=ultraslim-led-driver-kalem-tipi","url":"https:\/\/blinkit.com.tr\/?product=ultraslim-led-driver-kalem-tipi","name":"Ultraslim Led driver - Kalem tipi - Blinkit, Bir Mobilya Ayd\u0131nlatma D\u00fcnyas\u0131","isPartOf":{"@id":"https:\/\/blinkit.com.tr\/#website"},"primaryImageOfPage":{"@id":"https:\/\/blinkit.com.tr\/?product=ultraslim-led-driver-kalem-tipi#primaryimage"},"image":{"@id":"https:\/\/blinkit.com.tr\/?product=ultraslim-led-driver-kalem-tipi#primaryimage"},"thumbnailUrl":"https:\/\/blinkit.com.tr\/wp-content\/uploads\/2026\/01\/gorsel_2026-01-18_233733044.png","datePublished":"2026-01-18T20:38:09+00:00","dateModified":"2026-01-18T20:39:56+00:00","breadcrumb":{"@id":"https:\/\/blinkit.com.tr\/?product=ultraslim-led-driver-kalem-tipi#breadcrumb"},"inLanguage":"tr","potentialAction":[{"@type":"ReadAction","target":["https:\/\/blinkit.com.tr\/?product=ultraslim-led-driver-kalem-tipi"]}]},{"@type":"ImageObject","inLanguage":"tr","@id":"https:\/\/blinkit.com.tr\/?product=ultraslim-led-driver-kalem-tipi#primaryimage","url":"https:\/\/blinkit.com.tr\/wp-content\/uploads\/2026\/01\/gorsel_2026-01-18_233733044.png","contentUrl":"https:\/\/blinkit.com.tr\/wp-content\/uploads\/2026\/01\/gorsel_2026-01-18_233733044.png","width":406,"height":366},{"@type":"BreadcrumbList","@id":"https:\/\/blinkit.com.tr\/?product=ultraslim-led-driver-kalem-tipi#breadcrumb","itemListElement":[{"@type":"ListItem","position":1,"name":"Anasayfa","item":"https:\/\/blinkit.com.tr\/"},{"@type":"ListItem","position":2,"name":"Ma\u011faza","item":"https:\/\/blinkit.com.tr\/?page_id=28881"},{"@type":"ListItem","position":3,"name":"Ultraslim Led driver &#8211; Kalem tipi"}]},{"@type":"WebSite","@id":"https:\/\/blinkit.com.tr\/#website","url":"https:\/\/blinkit.com.tr\/","name":"Blinkit, Bir Mobilya Ayd\u0131nlatma D\u00fcnyas\u0131","description":"Mobilya Ayd\u0131nlatma","publisher":{"@id":"https:\/\/blinkit.com.tr\/#organization"},"potentialAction":[{"@type":"SearchAction","target":{"@type":"EntryPoint","urlTemplate":"https:\/\/blinkit.com.tr\/?s={search_term_string}"},"query-input":{"@type":"PropertyValueSpecification","valueRequired":true,"valueName":"search_term_string"}}],"inLanguage":"tr"},{"@type":"Organization","@id":"https:\/\/blinkit.com.tr\/#organization","name":"Blinkit, Bir Mobilya Ayd\u0131nlatma D\u00fcnyas\u0131","url":"https:\/\/blinkit.com.tr\/","logo":{"@type":"ImageObject","inLanguage":"tr","@id":"https:\/\/blinkit.com.tr\/#\/schema\/logo\/image\/","url":"https:\/\/blinkit.com.tr\/wp-content\/uploads\/2024\/10\/LOGO-png.png","contentUrl":"https:\/\/blinkit.com.tr\/wp-content\/uploads\/2024\/10\/LOGO-png.png","width":236,"height":77,"caption":"Blinkit, Bir Mobilya Ayd\u0131nlatma D\u00fcnyas\u0131"},"image":{"@id":"https:\/\/blinkit.com.tr\/#\/schema\/logo\/image\/"}}]}},"jetpack_sharing_enabled":true,"_links":{"self":[{"href":"https:\/\/blinkit.com.tr\/index.php?rest_route=\/wp\/v2\/product\/28931","targetHints":{"allow":["GET"]}}],"collection":[{"href":"https:\/\/blinkit.com.tr\/index.php?rest_route=\/wp\/v2\/product"}],"about":[{"href":"https:\/\/blinkit.com.tr\/index.php?rest_route=\/wp\/v2\/types\/product"}],"replies":[{"embeddable":true,"href":"https:\/\/blinkit.com.tr\/index.php?rest_route=%2Fwp%2Fv2%2Fcomments&post=28931"}],"version-history":[{"count":1,"href":"https:\/\/blinkit.com.tr\/index.php?rest_route=\/wp\/v2\/product\/28931\/revisions"}],"predecessor-version":[{"id":28937,"href":"https:\/\/blinkit.com.tr\/index.php?rest_route=\/wp\/v2\/product\/28931\/revisions\/28937"}],"wp:featuredmedia":[{"embeddable":true,"href":"https:\/\/blinkit.com.tr\/index.php?rest_route=\/wp\/v2\/media\/28936"}],"wp:attachment":[{"href":"https:\/\/blinkit.com.tr\/index.php?rest_route=%2Fwp%2Fv2%2Fmedia&parent=28931"}],"wp:term":[{"taxonomy":"product_brand","embeddable":true,"href":"https:\/\/blinkit.com.tr\/index.php?rest_route=%2Fwp%2Fv2%2Fproduct_brand&post=28931"},{"taxonomy":"product_cat","embeddable":true,"href":"https:\/\/blinkit.com.tr\/index.php?rest_route=%2Fwp%2Fv2%2Fproduct_cat&post=28931"},{"taxonomy":"product_tag","embeddable":true,"href":"https:\/\/blinkit.com.tr\/index.php?rest_route=%2Fwp%2Fv2%2Fproduct_tag&post=28931"}],"curies":[{"name":"wp","href":"https:\/\/api.w.org\/{rel}","templated":true}]}}